be (1508/6)/(38/57). Let y be ((-8)/10)/(1/(-5)). Suppose z + 299 = y*b, -3*z - d = -5*b - 5*z. Is 15 a factor of b?
True
Is 12 a factor of ((-67236)/10)/(-3) - 256/(-320)?
False
Let i(c) = -2*c**3 - 10*c**2 - c + 328. Does 82 divide i(0)?
True
Let k be (6/4 - 8/16)*4. Is 45/((8/(-16))/((-2)/k)) a multiple of 7?
False
Suppose -o + 5*u + 0*u = -1798, 7288 = 4*o + 4*u. Is 18 a factor of o?
True
Let t(d) = d**3 + 3*d**2 - 12*d + 20. Is t(3) a multiple of 6?
False
Let b(j) = 29*j**3 + 3*j**2 - j + 1. Let x be b(2). Suppose 0 = -m + v + 1, 2 = 3*v + 5. Suppose m = -3*l + 129 + x. Is 31 a factor of l?
True
Suppose 3*v = 3*i - 30, 4*i + v - 15 = -0*v. Suppose 3*p + 10 = 3*b - 11, -3*p = i*b - 27. Let f(u) = 10*u - 6. Is f(b) a multiple of 16?
False
Suppose 4*w = 3*w + 4*c - 18, 2*c - 18 = -4*w. Suppose 4*h + w = 2*h, 3*r - 112 = -5*h. Is r a multiple of 13?
True
Let f(n) be the third derivative of n**5/60 + n**4/4 - 2*n**3 - 37*n**2. Is 48 a factor of f(14)?
False
Suppose 0*f + 2 = -2*f. Does 9 divide ((-1)/f)/((-8)/(-128))?
False
Suppose 0 = 7*h + 23 - 2. Let s(o) = 5*o**2 + o - 2. Does 8 divide s(h)?
True
Let c(x) = x**2 + x - 11. Suppose q = -4*q. Let i be c(q). Let n(m) = m**3 + 11*m**2 + 12. Is n(i) a multiple of 3?
True
Is 8 a factor of 26/195*-3 - (-8884)/10?
True
Let b be -3 + (19 - (-1 + 2)). Suppose 9*y - b = 4*y. Suppose -207 = -y*v - 78. Does 14 divide v?
False
Suppose -3562 - 1148 = -10*c. Is c a multiple of 5?
False
Let t = 280 + -207. Is t a multiple of 7?
False
Suppose 5 = -c - 7. Let b be (c/(-2))/(6 + -4). Suppose v + 6 = b*v. Is 2 a factor of v?
False
Suppose 0 = -f + 4*w + 604, -5*f + 1223 = -3*f - 5*w. Is f a multiple of 39?
True
Suppose 0 = -2*d + 3*d - 3. Let s = d - -97. Is 25 a factor of s?
True
Let c(i) = -i**3 - 5*i**2 - 7*i - 7. Let a be c(-6). Suppose -3*q = -o - a, -o + 105 = 3*q + 26. Let z = -10 + q. Does 4 divide z?
False
Suppose 3*p + 230 = u, 5*u - 695 = 3*p + 479. Let z = -139 + u. Is 21 a factor of z?
False
Let f be 12/(-15)*(-10)/4. Suppose -j + f*j - 4 = 0. Suppose 5*u + 0*u - 162 = -2*k, j*u = -4*k + 120. Is u a multiple of 7?
False
Let t(w) = -w**3 - 9*w**2 - 9*w + 8. Let x be t(-8). Is (0 - -2)/(x/136) a multiple of 3?
False
Let k be (-830)/14 + (-2)/(-7). Let h = 216 - k. Does 17 divide h?
False
Suppose 24 = -2*l - 2*l + 3*j, -8 = 4*l + j. Let f(x) = 11*x + 1. Let w be f(l). Let m = w - -93. Is 21 a factor of m?
False
Let x be 19/4 - (-1)/4. Suppose -19 = -m - 3*z, 4*m + m - 105 = -x*z. Is 22 a factor of m?
True
Let n(w) = 2*w**2 - w - 56. Let s be n(7). Let x = s - -86. Is 17 a factor of x?
False
Suppose 2*v - 28 = -3*d, -2*v + 5*d + 4 = 2*d. Suppose -c = -0*c - v. Does 3 divide c?
False
Let r(q) be the third derivative of -q**6/120 + 7*q**5/60 + 7*q**4/24 - 4*q**3/3 + 25*q**2 - q. Does 11 divide r(5)?
True
Is (-1 + 49)/((-21)/(-518)) a multiple of 8?
True
Let o(s) = -3*s + 28. Is 4 a factor of o(-16)?
True
Let b(j) be the second derivative of -j**4/12 + 3*j**3/2 + 9*j**2/2 - j. Let k(g) = -4*g**3 + g**2 - g. Let c be k(-1). Is 19 a factor of b(c)?
False
Let w(x) = x**2 + 21*x - 29. Is w(-30) a multiple of 11?
False
Let q be 1 - 1 - (-9 + (0 - -6)). Suppose -q*s + 2*x = -45 - 6, -9 = 3*x. Is s even?
False
Suppose 0 = 4*w - 0*w. Suppose -2*p - f - 10 = -4*f, w = 4*p - f + 10. Let n = 38 + p. Is n a multiple of 12?
True
Suppose -4*u + 2 = -18. Suppose -9*c + 753 = -4*c + 3*p, 2*c - 286 = -u*p. Is c a multiple of 42?
False
Let s be (-21640)/(-60) - (-1)/3. Suppose -5*n - 14 + 429 = -x, 4*n + 5*x = s. Is 21 a factor of n?
True
Suppose 0 = 346*r - 334*r - 1164. Does 2 divide r?
False
Let h be -3 + -1 + 3 + -4 + 17. Suppose h*r - 144 = 4*r. Does 15 divide r?
False
Suppose 0*o + 4*f - 16 = -4*o, -3*o = -3*f - 24. Suppose j + 2 = 3*r + 4, 4*r = 2*j - o. Suppose j*u - 4*u = 3. Is u a multiple of 3?
True
Suppose -t = -4*t + 9. Let p(m) = 9*m - 12. Does 10 divide p(t)?
False
Suppose 0 = 5*z - 2352 + 267. Suppose n + 524 = 6*n - t, -4*n + 3*t = -z. Let i = n + -67. Is i a multiple of 15?
False
Does 8 divide 8402/10 - 1*1/5?
True
Let j = 898 - 571. Is j a multiple of 6?
False
Let u = 11540 - 7752. Is 162 a factor of u?
False
Let o(j) = 5*j + 8. Let x(z) = -11*z - 16. Let r(h) = 5*o(h) + 2*x(h). Let w(y) = -3*y - 13. Let g be w(-7). Does 16 divide r(g)?
True
Suppose -y - s + 54 = 0, y + 4*s + 0 = 63. Let g = y + -31. Is 104/g + (-4)/(-5) even?
True
Does 2 divide (-4 + 6 - (2 + -25)) + 3?
True
Let a = -915 + 1401. Is 8 a factor of a?
False
Let g be (7 + -6)*(0 + 0). Suppose -3*p = -4*c - 393, -p - 3*c + 144 = -g*p. Suppose 0 = -q - 4*q + p. Is 12 a factor of q?
False
Suppose m = 52 - 47. Is 108/5 + 2/m a multiple of 3?
False
Let v be (66/(-4))/((-1)/(-6)). Let z = 174 + v. Is 25 a factor of z?
True
Suppose -5*s + 3862 = 4*f, -2*f + 3*s - 6*s + 1932 = 0. Does 9 divide f?
True
Suppose 2*k + 6 = -2*o, k + 0*o - 9 = 3*o. Suppose -4*h + 5*h = k. Suppose 0*s - 2*s + 68 = h. Does 13 divide s?
False
Let k be -6*(-3)/(-3)*-1. Let c be ((-15)/10)/(k/(-16)). Suppose -t + 2 = -4*f + 22, -5*t - c = 4*f. Is 4 a factor of f?
True
Let c(o) = o**3 + 16*o**2 - o + 20. Let f be c(-15). Is (-184)/(-13) - 40/f a multiple of 7?
True
Let g(x) = -2*x**2 + 4*x + 1. Let y be g(3). Let i be (1 - 3)*y/(-10). Is 17 a factor of (1 - i) + (31 - -4)?
False
Suppose 61*z = -z + 64852. Is 53 a factor of z?
False
Let i = 5029 - 3589. Is i a multiple of 18?
True
Suppose 0 = -3*a + 720 - 90. Does 7 divide a?
True
Suppose -x + 2*x = 3*m - 7, 3*x = -3. Suppose -m*v + 4*v = 8. Suppose -v*s = 3 - 31. Is s a multiple of 4?
False
Suppose -3*g = -2*y + 17, 6*y = 3*y - 2*g + 19. Does 9 divide (36/7)/(2/y)?
True
Let n(k) = 1 + 4 + 0 + 7*k. Let w = 60 - 56. Does 11 divide n(w)?
True
Let l(z) = z**3 - 9*z**2 - 11*z + 14. Let x be l(10). Suppose 4*d = x*s + d - 40, -20 = -5*d. Suppose s = p - 27. Does 10 divide p?
True
Let g be 9 + (132/(-32) - 4/(-32)). Suppose -2*y = -g*k + 2059, 3*y + 455 - 2529 = -5*k. Is k a multiple of 59?
True
Let g = -188 - -269. Is 7 a factor of g?
False
Is 37 a factor of (4 + 4)/2 + -3 + 1406?
False
Let a(o) = -o**3 - 30*o**2 - 90*o + 28. Does 70 divide a(-28)?
True
Let b(x) = 12*x - 32. Let y be (-2 + -1)/(-4 - 58/(-16)). Is b(y) a multiple of 8?
True
Does 27 divide -1 + (-6)/(-1) - -247?
False
Does 27 divide (-3 - (-3 + 12))*(-54)/4?
True
Suppose -104*v = -93*v - 5907. Does 12 divide v?
False
Let u(o) = 13*o**2 + 20 - 13 - 4*o - 12. Does 10 divide u(-2)?
False
Let g(r) = 27*r - 12. Is g(6) a multiple of 3?
True
Suppose -4*i = -8*i + 4. Let d be (1 + i + -5)*-1. Suppose -4*w + 86 = a, a - 59 = d*w + 2*w. Is 12 a factor of a?
False
Suppose 2*o + 4*y - 42 = 0, -3*y + 46 + 23 = 4*o. Suppose 44*w - 41*w = o. Suppose -5*m - w*t + 271 = -189, -3*m + 5*t = -308. Does 24 divide m?
True
Suppose 78*v - 271575 + 84843 = 0. Does 133 divide v?
True
Suppose -59 = 5*k - 9. Let b(u) = -u**3 - 9*u**2 + 7*u + 8. Let x be b(k). Let d = 74 - x. Does 12 divide d?
True
Suppose 4*w - 108 = -2*w. Let l = w + 55. Does 17 divide l?
False
Let y be 3 + ((-4)/4 - -2). Suppose -y*t + 0 = -72. Suppose -2*c = -t - 126. Is 24 a factor of c?
True
Let i(t) = -t + 18. Let b be i(16). Suppose x = -3*x + p + 114, b*x + p = 54. Is 28 a factor of x?
True
Let i(b) be the third derivative of -7*b**4/12 - 5*b**3/2 + 9*b**2. Is 23 a factor of i(-6)?
True
Let c(w) = -w**2 + 22*w - 15. Let m be c(20). Let g = m + -22. Suppose 0 = 4*i - 16, g*j + 2*i - 138 = j. Is 10 a factor of j?
False
Let j = -9 + 38. Let i = j - 22. Does 2 divide i?
False
Let m(c) = -17*c + 1. Let x be m(1). Let s = x + 3. Let v(t) = -3*t - 11. Is 7 a factor of v(s)?
True
Is (-46)/(-759) - (-53654)/66 a multiple of 30?
False
Suppose -2*g = -4*k + 4612, -4*k + 2*g + 4640 = 7*g. Is k a multiple of 77?
True
Let r(u) = 2*u**2 - 5*u - 4. Let b be (-2)/((-4)/8*1). Is r(b) a multiple of 3?
False
Suppose 4*j + 0*j + 24 = 0. Let z be j/27 + 1652/(-18). Let o = z - -133. Is 27 a factor of o?
False
Let h be 0/(-1*4 + 2). Suppose h*l - 272 = -l. Is (-5)/2*l/(-20) a multiple of 13?
False
Let h be 2824*(3 + -5)/(-4) + 1. Is 10 a factor of 3/4 + h/36?
True
Suppose 0 = 4*r + 11*j - 12*j - 568, -j = -r + 145. Is r a multiple of 18?
False
Let t = -10 + 37. Is 2667/t - 4/(-18) a multiple of 11?
True
Let l(z) = 2*z**2 + 9*z - 6. Is l